are the prime factors of x?
2
Let k be (2/(-3))/((-14)/1953). Suppose 0*x - x + k = 2*i, x + 5 = 0. What are the prime factors of i?
7
Let z(x) = -40*x + 17. What are the prime factors of z(-5)?
7, 31
Let c(o) = -o + 20. List the prime factors of c(11).
3
Let i(y) = -y**3 - 7*y**2 - 8*y - 9. Let a be i(-6). Suppose -4*m = -z - a - 5, 8 = 4*m + 2*z. List the prime factors of m.
2
Suppose -5*d + 3*v + 19 = -27, -2*d + 4*v = -24. List the prime factors of d.
2
Suppose -2*i + c = 2*c, -3*c - 2 = 5*i. Suppose -i*o = -3*o + 16. What are the prime factors of o?
2
Suppose -3*u = -0*u - 84. What are the prime factors of 860/u + (-6)/(-21)?
31
Suppose -2 = 4*b - 3*q - 5, -2*b - 31 = 5*q. Let j be (-4)/1*b/6. List the prime factors of (-1)/2*-19*j.
19
Let i = -17 + 17. What are the prime factors of (-8)/((-2)/10 + i)?
2, 5
Suppose -l = l - 360. Suppose -4 = 4*i - l. What are the prime factors of i?
2, 11
Suppose 3*c - 122 = -5*b - 0*c, 0 = -4*b - 3*c + 97. What are the prime factors of b?
5
Suppose 5*q - 5*z + 5 = 0, -4*q - z + 15 = 4. Suppose -g - 1 = -q*n, 2*n - 8 = 5*g + 5. List the prime factors of -2 - 1/(n/4).
2
Let y be -4 - -3 - (-16 + 0). Suppose -c + 2*c + 2*z = y, -3*z + 60 = 4*c. Suppose -7*t + 2*t = -c. What are the prime factors of t?
3
Let w(s) be the second derivative of -s**3/6 + s**2/2 + 4*s. Let q be w(-1). Suppose q*j + 20 = 5*r, -2*r - 3*r + 20 = 3*j. What are the prime factors of r?
2
Suppose 0 = -3*z - 3 + 36. Let w = 2 - z. Let x(a) = -a**2 - 10*a. List the prime factors of x(w).
3
Let c(q) = -25*q**3 - q**2. Let h = 0 + -1. What are the prime factors of c(h)?
2, 3
Suppose 4*d + 29 - 105 = 0. What are the prime factors of d?
19
Let z(m) be the second derivative of -m**4/12 - 3*m**3/2 + 11*m**2/2 + 7*m. What are the prime factors of z(-6)?
29
Let b = 245 + -100. What are the prime factors of b?
5, 29
Let x(l) = l**3 + 11*l**2 - 2*l + 14. What are the prime factors of x(-11)?
2, 3
Suppose 0 = 5*i + 2*f - 6*f - 34, 2 = i + 4*f. What are the prime factors of i?
2, 3
Suppose 4*t = -18 - 2, 0 = -3*y + 5*t - 131. Let v = -26 - y. List the prime factors of v.
2, 13
Let w(r) = -r**2 + 3*r + 6. Let i be w(5). What are the prime factors of (-3 - -7)/(i/(-10))?
2, 5
Let j = -4 + 7. Let f be (-3)/(-2)*8/j. Suppose v - f = -v. What are the prime factors of v?
2
Let g(z) = 3*z**2 - 4*z - 2. Let p(j) = -12*j**2 + 17*j + 8. Let a(l) = 9*g(l) + 2*p(l). What are the prime factors of a(-2)?
2, 7
Let v = -12 + 2. Let m = v + 16. What are the prime factors of m?
2, 3
Suppose 4*d + 120 - 920 = 0. List the prime factors of d.
2, 5
Let x = 8 - 7. Suppose 5*j + x = -24. Let q(z) = -z**2 - 8*z - 6. What are the prime factors of q(j)?
3
Let f be (-12)/16 - (-9)/12. Suppose f = q + 13 - 44. List the prime factors of q.
31
List the prime factors of 24/(8/2 + (-27)/7).
2, 3, 7
Suppose 0 = 4*d - 8. Suppose -3*u - d*s = 5, 4*s - s = 2*u - 1. What are the prime factors of 55/15 - u/3?
2
Let h(w) = 10*w**2 + 6. List the prime factors of h(-4).
2, 83
What are the prime factors of 3*(-2)/18 + (-5675)/(-15)?
2, 3, 7
Let d(t) = -t**2 - 8*t + 6. What are the prime factors of d(-4)?
2, 11
Let j(t) = t**2 + 8*t + 7. Let i be j(-8). Let x = i + 1. What are the prime factors of x?
2
Suppose -9 = 3*y, 5 = 2*g - g + y. List the prime factors of g.
2
Suppose -11 = -2*q + 5. Let k = 35 - q. What are the prime factors of k?
3
Let w(x) = x**2 + 3*x + 2. Suppose -2*d + 3 = 11. List the prime factors of w(d).
2, 3
Let f(q) = 8*q**2 - 5*q - 16. What are the prime factors of f(-2)?
2, 13
Suppose 69 = 3*n - 4*z - z, -4*z = 12. What are the prime factors of n?
2, 3
Let g(r) = -r**2 + 7*r + 5. Suppose 2*q - 3*k - 17 = 0, -4*k - 4 = -2*q + 16. Suppose 5 = q*o - 19. What are the prime factors of g(o)?
11
Suppose 2*j + 9 = 5*j. Suppose -j = -5*i - 3*s - 5, 0 = 5*i - s - 14. Suppose o + i*m - 6*m + 10 = 0, -2*o + 13 = 3*m. List the prime factors of o.
2
Suppose -4*a - 20 = 0, 2*z + a - 31 = 5*z. Let n be ((-8)/(-10))/(z/(-30)). What are the prime factors of n*9/6 + 2?
5
Let a(u) = 2*u**3 + u - 1. Let x be a(3). Suppose 0 = h - v - 16, 4*h + 4*v - x = -0*v. Suppose 2*q = -q + h. What are the prime factors of q?
5
Let h(l) = -36*l - 22. What are the prime factors of h(-3)?
2, 43
Let r = 3 - 3. Suppose 3*w + 0*w - 45 = r. What are the prime factors of w?
3, 5
Suppose -1110 = -3*p - 3*p. What are the prime factors of p?
5, 37
Let k = 14 - -29. Suppose r - 51 = -3*c + 4*r, k = 4*c + r. Suppose 3*i - 4*i + c = 0. What are the prime factors of i?
2, 3
Let i(g) = g**2 + g - 1. Let d be i(2). Let j be (4/(-2))/((-3)/6). Suppose d*o + b - 30 = 21, 0 = j*o + 2*b - 36. List the prime factors of o.
11
Suppose 6*j = 3*j + 138. What are the prime factors of j?
2, 23
Let c = 3 + 69. What are the prime factors of c?
2, 3
Suppose -2*j = 4*f - 8, -3*j + 16 = 5*f + j. Let x be (f - 1)*1*-8. What are the prime factors of 58/8 + (-2)/x?
7
Let i(u) = -7*u - 4. What are the prime factors of i(-6)?
2, 19
Suppose 38 = 3*l + g, 68 = 3*l + 2*l + 4*g. Suppose 295 = -2*k + 3*b, 0 = 5*k + 2*b + 75 + 653. What are the prime factors of k/(-12) - 2/l?
2, 3
Suppose -26*s + 267 = -25*s. List the prime factors of s.
3, 89
Let r = 11 + -7. Suppose r*z = -3 + 11. Suppose -z*q - 4*x + 12 = 0, -5*q - 3*x - x + 18 = 0. What are the prime factors of q?
2
List the prime factors of (10/5)/(3 - (-31)/(-11)).
11
Suppose -170 = -0*j - 5*j. Let b(d) = -d**2 + 6*d - 8. Let x be b(8). Let c = j + x. What are the prime factors of c?
2, 5
Let n = 425 - 261. What are the prime factors of n?
2, 41
Let f(v) be the first derivative of 0*v**2 + 0*v - 3 + 1/3*v**3. What are the prime factors of f(-3)?
3
Suppose p + 2*p - 87 = 0. Let z = 7 + p. What are the prime factors of z?
2, 3
Let p(v) = 6*v + 2. List the prime factors of p(12).
2, 37
Let t be (-9)/(-3) + (1 - 2). Suppose 0*l + t*l - 4 = 0. List the prime factors of l.
2
Let y(h) = h**3 + 2*h**2 - h. Let s(d) = d**3 - 6*d**2 - 7*d - 2. Let u be s(7). Let q be y(u). Let w = q + 6. What are the prime factors of w?
2
Let z(d) = 0 - 2 + 3*d - 5*d + 3*d. Let q be z(5). What are the prime factors of 0 + (2 - q) - -3?
2
Let b(l) be the first derivative of l**6/120 + l**5/40 + l**4/8 + 2*l**3/3 + 3. Let y(g) be the third derivative of b(g). List the prime factors of y(-2).
3
Let o = -6 - -4. What are the prime factors of (24/(-20))/(o/20)?
2, 3
Let z(n) = 2*n**2 + 9*n + 6. Let v be ((-8)/12)/((-4)/(-36)). What are the prime factors of z(v)?
2, 3
Let m = -10 + 14. Suppose m*p - 6 = 54. Suppose p + 0 = 3*k. What are the prime factors of k?
5
Let q(h) = -2*h + 1. Let y = -12 + -2. What are the prime factors of q(y)?
29
Suppose p = 3 + 7. Let l(s) = -s**2 + 11*s + 11. List the prime factors of l(p).
3, 7
Let p(q) = -q**2 + 11*q + 11. List the prime factors of p(9).
29
Suppose 4*x - 32 = -4*r, 2 = -x - 0*x + r. Suppose 0 = -3*p - 3*y + 30, y = -x*p - 4*y + 34. List the prime factors of (-12)/(((-30)/p)/5).
2
Let o = -4 + 10. Let y be (-8)/(-6)*o/4. Suppose y*g - 3 = 17. List the prime factors of g.
2, 5
Let v be 3*5*(-4)/(-10). What are the prime factors of 44/v*18/12?
11
Let r = 1 + 0. Let h = r - -3. Suppose 0 = 4*v + 4*m, 8 = h*v - m - 7. What are the prime factors of v?
3
Suppose -811 = -7*n + 50. List the prime factors of n.
3, 41
Suppose 2 = -j + 4. Suppose -j*v = -28 + 2. Let g = v + -7. List the prime factors of g.
2, 3
Let i be ((-4)/(-2) - 10)*1. Let t = i - -36. What are the prime factors of t?
2, 7
Let h(y) = 4*y - 17. What are the prime factors of h(14)?
3, 13
Suppose z = -0*z + 5. Let o = 7 - z. List the prime factors of o/(-1 + (-27)/(-21)).
7
Let o = -66 - -130. What are the prime factors of o?
2
Let n = 48 + -33. Suppose -2*t + t = -n. Let d = t - 11. What are the prime factors of d?
2
Let d = 1 + 3. Suppose -2*j + 0*j - q + 2 = 0, -3*j - 8 = -d*q. List the prime factors of -9*(4/(-6) - j).
2, 3
Suppose -3*n - j + 622 = -6*j, 2*j + 1024 = 5*n. What are the prime factors of n?
2, 3, 17
Let w(m) = 7*m - 8. Let o = -9 - -15. What are the prime factors of w(o)?
2, 17
Suppose -4 = -d - 3. Let n be (d - 0)/((-1)/(-2)). Suppose n*p = -p + 36. List the prime factors of p.
2, 3
Let r = -30 - -50. Suppose 4*h + 50 = 5*m, -2*h - r = -2*m + 2*h. What are the prime factors of m?
2, 5
Suppose 0 = -n